{"id":550,"date":"2018-09-27T09:09:04","date_gmt":"2018-09-27T07:09:04","guid":{"rendered":"https:\/\/www.philippecharles.fr\/SWITCH\/?page_id=550"},"modified":"2019-03-25T14:14:41","modified_gmt":"2019-03-25T13:14:41","slug":"cellule","status":"publish","type":"page","link":"https:\/\/www.philippecharles.fr\/index.php\/cellule\/","title":{"rendered":"cellule"},"content":{"rendered":"\n<p style=\"font-size:14px\">Installation vid\u00e9ographique hepta-projet\u00e9e<br>Conception r\u00e9alisation : Philippe Charles<br>Compositeur : Jean-Christophe FELDHANDLER<br><br>Cellule est une exploration du vivant, au c\u0153ur du quel l\u2019humain revisite les notions de centre, de fusion, de participation et d\u2019all\u00e9gorie.<br>Cellule est une \u0153uvre hybride dont la narration filmique est structur\u00e9e en installation vid\u00e9o.<br>A l&rsquo;instar de Tulipe, Cellule s&rsquo;appuie sur une trame documentaire r\u00e9alis\u00e9e cette fois-ci en Australie sur la culture aborig\u00e8ne.<br><br>Le spectateur est plac\u00e9 dans un espace concave. Il est entour\u00e9 d\u2019\u00e9crans et vit une exp\u00e9rience multi sensorielle forte. Le montage polyrythmique lui permet d\u2019alterner les sensations de contemplations actives avec celles de l\u2019hypnose; l\u2019exp\u00e9rience de l\u2019observation avec celle de la fiction et ceci \u00e0 plusieurs \u00e9chelles : de la cellule au groupe social, de la mati\u00e8re au r\u00eave.<br><br>Une polyphonie visuelle et sonore permettant d\u2019accentuer l\u2019effet d\u2018immersion n\u00e9cessaire \u00e0 l\u2019actualisation d\u2019un r\u00e9cit mythique dans une approche plurielle de la composition contemporaine \u2013 art visuel, art num\u00e9riques, composition musicale.<br><br>Un th\u00e9\u00e2tre des mati\u00e8res qui convoque le min\u00e9ral, le v\u00e9g\u00e9tal, l\u2019aquatique, le lien charnel, et social, le rituels de d\u00e9passement et l\u2019all\u00e9gorique. Un palais de la m\u00e9moire o\u00f9 tout est tenu par la composition musicale.<\/p>\n\n\n\n<ul class=\"wp-block-gallery columns-2 is-cropped wp-block-gallery-1 is-layout-flex wp-block-gallery-is-layout-flex\"><li class=\"blocks-gallery-item\"><figure><img loading=\"lazy\" decoding=\"async\" width=\"375\" height=\"500\" src=\"https:\/\/www.philippecharles.fr\/wp-content\/uploads\/2019\/03\/le\u0301on2.png\" alt=\"\" data-id=\"1123\" data-link=\"https:\/\/www.philippecharles.fr\/leon2\/\" class=\"wp-image-1123\"\/><\/figure><\/li><li class=\"blocks-gallery-item\"><figure><img loading=\"lazy\" decoding=\"async\" width=\"382\" height=\"287\" src=\"https:\/\/www.philippecharles.fr\/wp-content\/uploads\/2018\/09\/wallpainting.jpg\" alt=\"\" data-id=\"610\" data-link=\"https:\/\/www.philippecharles.fr\/wallpainting\/\" class=\"wp-image-610\"\/><\/figure><\/li><li class=\"blocks-gallery-item\"><figure><img loading=\"lazy\" decoding=\"async\" width=\"800\" height=\"600\" src=\"https:\/\/www.philippecharles.fr\/wp-content\/uploads\/2019\/03\/image-8.jpg\" alt=\"\" data-id=\"1112\" data-link=\"https:\/\/www.philippecharles.fr\/image-8\/\" class=\"wp-image-1112\" srcset=\"https:\/\/www.philippecharles.fr\/wp-content\/uploads\/2019\/03\/image-8.jpg 800w, https:\/\/www.philippecharles.fr\/wp-content\/uploads\/2019\/03\/image-8-768x576.jpg 768w\" sizes=\"(max-width: 767px) 89vw, (max-width: 1000px) 54vw, (max-width: 1071px) 543px, 580px\" \/><\/figure><\/li><li class=\"blocks-gallery-item\"><figure><img loading=\"lazy\" decoding=\"async\" width=\"504\" height=\"706\" src=\"https:\/\/www.philippecharles.fr\/wp-content\/uploads\/2018\/09\/homme-fleur.png\" alt=\"\" data-id=\"611\" data-link=\"https:\/\/www.philippecharles.fr\/homme-fleur\/\" class=\"wp-image-611\"\/><\/figure><\/li><li class=\"blocks-gallery-item\"><figure><img decoding=\"async\" src=\"https:\/\/www.philippecharles.fr\/wp-content\/uploads\/2019\/03\/feu_sombre_2235x303-794x1024.jpg\" alt=\"\" data-id=\"1127\" data-link=\"https:\/\/www.philippecharles.fr\/feu_sombre_2235x303\/\" class=\"wp-image-1127\"\/><\/figure><\/li><li class=\"blocks-gallery-item\"><figure><img loading=\"lazy\" decoding=\"async\" width=\"799\" height=\"640\" src=\"https:\/\/www.philippecharles.fr\/wp-content\/uploads\/2019\/03\/image-26.jpg\" alt=\"\" data-id=\"1113\" data-link=\"https:\/\/www.philippecharles.fr\/image-26\/\" class=\"wp-image-1113\" srcset=\"https:\/\/www.philippecharles.fr\/wp-content\/uploads\/2019\/03\/image-26.jpg 799w, https:\/\/www.philippecharles.fr\/wp-content\/uploads\/2019\/03\/image-26-768x615.jpg 768w\" sizes=\"(max-width: 767px) 89vw, (max-width: 1000px) 54vw, (max-width: 1071px) 543px, 580px\" \/><\/figure><\/li><li class=\"blocks-gallery-item\"><figure><img loading=\"lazy\" decoding=\"async\" width=\"375\" height=\"500\" src=\"https:\/\/www.philippecharles.fr\/wp-content\/uploads\/2019\/03\/magali2.png\" alt=\"\" data-id=\"1124\" data-link=\"https:\/\/www.philippecharles.fr\/magali2\/\" class=\"wp-image-1124\"\/><\/figure><\/li><\/ul>\n\n\n\n<p><\/p>\n","protected":false},"excerpt":{"rendered":"<p>Installation vid\u00e9ographique hepta-projet\u00e9eConception r\u00e9alisation : Philippe CharlesCompositeur : Jean-Christophe FELDHANDLER Cellule est une exploration du vivant, au c\u0153ur du quel l\u2019humain revisite les notions de centre, de fusion, de participation et d\u2019all\u00e9gorie.Cellule est une \u0153uvre hybride dont la narration filmique est structur\u00e9e en installation vid\u00e9o.A l&rsquo;instar de Tulipe, Cellule s&rsquo;appuie sur une trame documentaire r\u00e9alis\u00e9e &hellip; <\/p>\n<p class=\"link-more\"><a href=\"https:\/\/www.philippecharles.fr\/index.php\/cellule\/\" class=\"more-link\">Continuer la lecture<span class=\"screen-reader-text\"> de &laquo;&nbsp;cellule&nbsp;&raquo;<\/span><\/a><\/p>\n","protected":false},"author":1,"featured_media":0,"parent":0,"menu_order":0,"comment_status":"closed","ping_status":"closed","template":"","meta":{"footnotes":""},"_links":{"self":[{"href":"https:\/\/www.philippecharles.fr\/index.php\/wp-json\/wp\/v2\/pages\/550"}],"collection":[{"href":"https:\/\/www.philippecharles.fr\/index.php\/wp-json\/wp\/v2\/pages"}],"about":[{"href":"https:\/\/www.philippecharles.fr\/index.php\/wp-json\/wp\/v2\/types\/page"}],"author":[{"embeddable":true,"href":"https:\/\/www.philippecharles.fr\/index.php\/wp-json\/wp\/v2\/users\/1"}],"replies":[{"embeddable":true,"href":"https:\/\/www.philippecharles.fr\/index.php\/wp-json\/wp\/v2\/comments?post=550"}],"version-history":[{"count":0,"href":"https:\/\/www.philippecharles.fr\/index.php\/wp-json\/wp\/v2\/pages\/550\/revisions"}],"wp:attachment":[{"href":"https:\/\/www.philippecharles.fr\/index.php\/wp-json\/wp\/v2\/media?parent=550"}],"curies":[{"name":"wp","href":"https:\/\/api.w.org\/{rel}","templated":true}]}}