{"id":1290,"date":"2019-03-28T10:53:28","date_gmt":"2019-03-28T09:53:28","guid":{"rendered":"https:\/\/www.philippecharles.fr\/?page_id=1290"},"modified":"2019-03-28T11:23:34","modified_gmt":"2019-03-28T10:23:34","slug":"la-piece-avec-la-cendre","status":"publish","type":"page","link":"https:\/\/www.philippecharles.fr\/index.php\/la-piece-avec-la-cendre\/","title":{"rendered":"la pi\u00e8ce avec la cendre \/ part with ash"},"content":{"rendered":"\n<p style=\"font-size:14px\"><em>Installation (une pi\u00e8ce vide, cendre \/ empty room, trash) _ 1996 \/1997<\/em><\/p>\n\n\n\n<p style=\"font-size:14px\">L\u2019installation se compose de 3 \u00e9l\u00e9ments : <br>         _d\u2019une pi\u00e8ce dans laquelle a \u00e9t\u00e9 \u00e9tal\u00e9e de la cendre <br>         sur une \u00e9paisseur d\u2019une dizaine de centim\u00e8tres,<br>         _d\u2019une machinerie qui capte l\u2019eau de pluie, <br>         calcule son d\u00e9bit et la stocke dans un r\u00e9servoir <br>         (150 litres environ),<br>         _de plusieurs tuyaux de diam\u00e8tre important <br>         partant du r\u00e9servoir et venant se positionner juste<br>         au-dessus de la cendre.<br>         L\u2019\u00e9v\u00e9nement qui d\u00e9clenche le vidage du r\u00e9servoir sur la cendre est une pluie tr\u00e8s importante et exceptionnelle. Par exemple, sur Paris, elle s\u2019abat une fois tous les cinq ans. Donc lorsque la machinerie d\u00e9tecte ce d\u00e9bit si particulier, elle engage le processus.<br>En dessous, la surface de cendre est compl\u00e8tement d\u00e9structur\u00e9e par l\u2019eau qui jaillit des tuyaux avec une extr\u00eame violence.<\/p>\n\n\n\n<figure class=\"wp-block-image\"><img loading=\"lazy\" decoding=\"async\" width=\"350\" height=\"346\" src=\"https:\/\/www.philippecharles.fr\/wp-content\/uploads\/2019\/03\/cendre.jpg\" alt=\"\" class=\"wp-image-1314\" srcset=\"https:\/\/www.philippecharles.fr\/wp-content\/uploads\/2019\/03\/cendre.jpg 350w, https:\/\/www.philippecharles.fr\/wp-content\/uploads\/2019\/03\/cendre-100x100.jpg 100w\" sizes=\"(max-width: 350px) 100vw, 350px\" \/><figcaption> Photo Gil R\u00e9mond <\/figcaption><\/figure>\n\n\n\n<p style=\"font-size:14px\">The installation is made up of 3 elements: <br>         &#8211; a room in which ashes were spread over a thickness of ten centimetres, <br>         &#8211; a machine which collects rainwater, calculates its flow and stores it in a tank (approximately 150 litres), <br>         &#8211; Several wide pipes coming from the reservoir and ending just above the ashes. <br>The event that causes the water in the tank to overflow and  empty onto the ashes is an exceptionally heavy rainfall. For example,  this kind of rainfall occurs once every five years in Paris. When the  machinery detects this distinctive flow of water, the process begins.  Down below, the surface of the ashes is completely destroyed by the  water spouting out of the pipes with extreme violence.<br>     (translation: Lindsay Onions)<\/p>\n","protected":false},"excerpt":{"rendered":"<p>Installation (une pi\u00e8ce vide, cendre \/ empty room, trash) _ 1996 \/1997 L\u2019installation se compose de 3 \u00e9l\u00e9ments : _d\u2019une pi\u00e8ce dans laquelle a \u00e9t\u00e9 \u00e9tal\u00e9e de la cendre sur une \u00e9paisseur d\u2019une dizaine de centim\u00e8tres, _d\u2019une machinerie qui capte l\u2019eau de pluie, calcule son d\u00e9bit et la stocke dans un r\u00e9servoir (150 litres environ), &hellip; <\/p>\n<p class=\"link-more\"><a href=\"https:\/\/www.philippecharles.fr\/index.php\/la-piece-avec-la-cendre\/\" class=\"more-link\">Continuer la lecture<span class=\"screen-reader-text\"> de &laquo;&nbsp;la pi\u00e8ce avec la cendre \/ part with ash&nbsp;&raquo;<\/span><\/a><\/p>\n","protected":false},"author":1,"featured_media":0,"parent":0,"menu_order":0,"comment_status":"closed","ping_status":"closed","template":"","meta":{"footnotes":""},"_links":{"self":[{"href":"https:\/\/www.philippecharles.fr\/index.php\/wp-json\/wp\/v2\/pages\/1290"}],"collection":[{"href":"https:\/\/www.philippecharles.fr\/index.php\/wp-json\/wp\/v2\/pages"}],"about":[{"href":"https:\/\/www.philippecharles.fr\/index.php\/wp-json\/wp\/v2\/types\/page"}],"author":[{"embeddable":true,"href":"https:\/\/www.philippecharles.fr\/index.php\/wp-json\/wp\/v2\/users\/1"}],"replies":[{"embeddable":true,"href":"https:\/\/www.philippecharles.fr\/index.php\/wp-json\/wp\/v2\/comments?post=1290"}],"version-history":[{"count":0,"href":"https:\/\/www.philippecharles.fr\/index.php\/wp-json\/wp\/v2\/pages\/1290\/revisions"}],"wp:attachment":[{"href":"https:\/\/www.philippecharles.fr\/index.php\/wp-json\/wp\/v2\/media?parent=1290"}],"curies":[{"name":"wp","href":"https:\/\/api.w.org\/{rel}","templated":true}]}}