{"id":1253,"date":"2019-03-28T08:46:37","date_gmt":"2019-03-28T07:46:37","guid":{"rendered":"https:\/\/www.philippecharles.fr\/?page_id=1253"},"modified":"2019-03-28T09:52:31","modified_gmt":"2019-03-28T08:52:31","slug":"portraits-composites","status":"publish","type":"page","link":"https:\/\/www.philippecharles.fr\/index.php\/portraits-composites\/","title":{"rendered":"portraits composites"},"content":{"rendered":"\n<p style=\"font-size:14px\">Commande d&rsquo;\u00e9criture sonore et vid\u00e9ographique<br>Production : <a rel=\"noreferrer noopener\" href=\"http:\/\/www.athenor.com\" target=\"_blank\"><strong>Ath\u00e9nor Production<\/strong><\/a><br>Collaboration avec <a rel=\"noreferrer noopener\" href=\"http:\/\/www.jcfeldhandler.com\" target=\"_blank\">Jean-Christophe FELDHANDLER<\/a><\/p>\n\n\n\n<p style=\"font-size:12px\" class=\"has-text-color has-vivid-cyan-blue-color\"><a rel=\"noreferrer noopener\" aria-label=\"Voir une s\u00e9lection d'images du vid\u00e9o-concert \u00e0 la Gare Franche, Marseille, mai 2010 (ouverture dans un nouvel onglet)\" href=\"https:\/\/www.philippecharles.fr\/img\/diapo\/diapo_portrait_garefranche\/index.html\" target=\"_blank\">Voir une s\u00e9lection d&rsquo;images du vid\u00e9o-concert \u00e0 la Gare Franche, Marseille, mai 201<\/a><em><a rel=\"noreferrer noopener\" aria-label=\"Voir une s\u00e9lection d'images du vid\u00e9o-concert \u00e0 la Gare Franche, Marseille, mai 2010 (ouverture dans un nouvel onglet)\" href=\"https:\/\/www.philippecharles.fr\/img\/diapo\/diapo_portrait_garefranche\/index.html\" target=\"_blank\">0<\/a><br> En bas de page, voir l&rsquo;ensemble des \u00e9pisodes Instamatics<\/em><\/p>\n\n\n\n<p style=\"font-size:14px\">\u00ab\u00a0J\u2019suis dans un arbre, mais tu m\u2019vois m\u00eame pas\u2026\u00a0\u00bb<br>L\u2019adolescent est une figure fascinante de notre \u00e9poque, r\u00e9ceptacle de toute la complexit\u00e9 de nos vies contemporaines et t\u00e9moin de la fragilit\u00e9 des trajectoires intimes. Les tentatives, les h\u00e9sitations, les errances, les r\u00e9voltes nourries par le m\u00e9lange de l\u2019innocence encore pr\u00e9sente et de la duret\u00e9 des sentiments qui s\u2019affirment, sont autant de fils que le compositeur Jean-Christophe Feldhandler et le vid\u00e9aste Philippe Charles ont voulu d\u00e9rouler et nouer autour du projet \u00ab Portrait composite \u00bb. <\/p>\n\n\n\n<ul class=\"wp-block-gallery columns-3 is-cropped wp-block-gallery-1 is-layout-flex wp-block-gallery-is-layout-flex\"><li class=\"blocks-gallery-item\"><figure><img loading=\"lazy\" decoding=\"async\" width=\"369\" height=\"277\" src=\"https:\/\/www.philippecharles.fr\/wp-content\/uploads\/2019\/03\/arbre-1.jpg\" alt=\"\" data-id=\"1261\" data-link=\"https:\/\/www.philippecharles.fr\/index.php\/portraits-composites\/arbre-1\/\" class=\"wp-image-1261\"\/><\/figure><\/li><li class=\"blocks-gallery-item\"><figure><img loading=\"lazy\" decoding=\"async\" width=\"369\" height=\"277\" src=\"https:\/\/www.philippecharles.fr\/wp-content\/uploads\/2019\/03\/bowling-1.jpg\" alt=\"\" data-id=\"1262\" data-link=\"https:\/\/www.philippecharles.fr\/index.php\/portraits-composites\/bowling-1\/\" class=\"wp-image-1262\"\/><\/figure><\/li><li class=\"blocks-gallery-item\"><figure><img loading=\"lazy\" decoding=\"async\" width=\"369\" height=\"277\" src=\"https:\/\/www.philippecharles.fr\/wp-content\/uploads\/2019\/03\/panneau-1.jpg\" alt=\"\" data-id=\"1263\" data-link=\"https:\/\/www.philippecharles.fr\/index.php\/portraits-composites\/panneau-1\/\" class=\"wp-image-1263\"\/><\/figure><\/li><\/ul>\n\n\n\n<p style=\"font-size:14px\"><br>Durant deux ann\u00e9es de rencontres organis\u00e9es dans le cadre de r\u00e9sidences artistiques dans des quartiers de Nantes et Marseille, les deux artistes ont accompagn\u00e9 des jeunes adolescents dans des vagabondages au c\u0153ur de leur quartier, leur ville et au-del\u00e0 ; dans le contexte de leurs vies quotidiennes ou dans des voyages invitant \u00e0 l\u2019\u00e9vasion et \u00e0 la d\u00e9couverte. S\u2019\u00e9cartant d\u2019une vision tragique et malais\u00e9e de l\u2019adolescence o\u00f9 l\u2019on ne pourrait que lire le poids des d\u00e9terminismes sociaux, ils ont saisi lors de ces parcours toute la po\u00e9sie d\u2019une \u00e9nergie vitale o\u00f9 se m\u00ealent et s\u2019entrechoquent les pratiques cod\u00e9es et les langages confus, les regards habit\u00e9s de gravit\u00e9 et les visages encore enfantins, la fra\u00eecheur na\u00efve et l\u2019inqui\u00e9tude mature. Portrait composite est le produit de cette complexit\u00e9 sensible, une construction ouverte qui fabrique avec les mat\u00e9riaux de la langue, de l\u2019image et de la musique un cheminement dans la fragilit\u00e9, le d\u00e9sordre, le joyeux, la tendresse, la connivence, la spontan\u00e9it\u00e9. Comme les conversations \u00ab d\u00e9cousues \u00bb des adolescents s\u2019\u00e9tirant parfois dans l\u2019\u00e9ternit\u00e9 d\u2019une apr\u00e8s-midi, le spectacle oscille entre r\u00e9el, fiction et abstraction dans une fluidit\u00e9 \u00e9tonnante. Dans un swing caboss\u00e9 et joyeux, m\u00ealant les sonorit\u00e9s et les esth\u00e9tiques, le trio trombone, contrebasse-voix et percussions joue des \u00e9nergies qui traversent les images et les paroles. Reprenant le mat\u00e9riau brut des captations de bruits et de mots, la percussion tisse le lien entre sons concrets et sons abstraits, la voix, dans un parl\u00e9-chant\u00e9, dialogue avec la bande. A chaque mouvement, le phras\u00e9 musical s\u2019estompe dans une m\u00e9lodie \u00e9vanescente, l\u2019image devient musique et reprend le fil. Projet\u00e9e sur plusieurs \u00e9crans, l\u2019image chemine entre le statique des portraits &#8211; regards adress\u00e9s ou capt\u00e9s sur le vif -, la vitalit\u00e9 et l\u2019\u00e9nergie des ralentis et des acc\u00e9l\u00e9rations, le t\u00e9moignage et le documentaire, les instants d\u2019abandon des personnages, la mat\u00e9rialit\u00e9 brute des espaces urbains arpent\u00e9s, le myst\u00e8re de paysages d\u2019o\u00f9 \u00e9mergent parfois des corps \u00e9nigmatiques de figures all\u00e9goriques\u2026 Toute la po\u00e9sie et l\u2019\u00e9motion qui enveloppent petit \u00e0 petit le spectateur, tiennent dans l\u2019unit\u00e9 d\u2019un langage qui pourtant se construit \u00e0 partir de la diversit\u00e9 et du \u00ab composite \u00bb des mat\u00e9riaux. On revient \u00e0 cette figure de l\u2019adolescent, complexe, plurielle, contradictoire, atomis\u00e9e, en devenir, en incertitude contenue dans un seul et m\u00eame individu.     <\/p>\n\n\n\n<p style=\"font-size:14px\">\u00ab&nbsp;Portrait Composite fait partie de ces \u0153uvres  qui ouvrent le spectateur \u00e0 une sorte de na\u00efvet\u00e9, qui n\u2019est pas  l\u2019idiotie b\u00e9ate, mais un \u00e9tat natif&nbsp;: voir et entendre comme si c\u2019\u00e9tait  la premi\u00e8re fois. Trouver \u00e0 travers ces sons et ces images un droit de  cit\u00e9 que seul l\u2019art peut offrir quand la parole politique a d\u00e9sert\u00e9 les  corps en souffrance.&nbsp;\u00bb <a rel=\"noreferrer noopener\" href=\"http:\/\/www.instantsvideo.com\/\" target=\"_blank\">Marc Mercier<\/a> (Directeur artistique des Instants Vid\u00e9o \u00e0 Marseille \u2013 <a href=\"https:\/\/www.philippecharles.fr\/media\/presse\/composite\/bref avril 10.pdf\" target=\"_blank\" rel=\"noreferrer noopener\" aria-label=\" (ouverture dans un nouvel onglet)\">Extrait d\u2019un article paru dans la revue Bref &#8211; mai 2010)<\/a><\/p>\n\n\n\n<p style=\"font-size:12px\" class=\"has-text-color has-vivid-cyan-blue-color\"><em>Liste des \u00e9pisodes Instamatic<\/em><br><br><a href=\"https:\/\/www.philippecharles.fr\/media\/videos_1\/instamatic1.mp4\">INSTAMATIC#1_3&rsquo;09\u00a0\u00bb, 40 Mo<\/a><br><a href=\"https:\/\/www.philippecharles.fr\/media\/videos_1\/instamatic2.mp4\">INSTAMATIC#2_2&rsquo;09\u00a0\u00bb, 12 Mo<\/a><br><a href=\"https:\/\/www.philippecharles.fr\/media\/videos_1\/instamatic3.mp4\">INSTAMATIC#3_3&rsquo;53\u00a0\u00bb, 35 Mo<\/a><br><a href=\"https:\/\/www.philippecharles.fr\/media\/videos_1\/instamatic4.mp4\">INSTAMATIC#4_3&rsquo;14\u00a0\u00bb, 33 Mo<\/a><br><a href=\"https:\/\/www.philippecharles.fr\/media\/videos_1\/instamatic5.mp4\">INSTAMATIC#5_5&rsquo;13\u00a0\u00bb, 79 Mo<\/a><br><a href=\"https:\/\/www.philippecharles.fr\/media\/videos_1\/instamatic6.mp4\">INSTAMATIC#6_5&rsquo;35\u00a0\u00bb, 61 Mo<\/a><br><a href=\"https:\/\/www.philippecharles.fr\/media\/videos_1\/instamatic2.mp4\">INSTAMATIC#7_2&rsquo;19\u00a0\u00bb, 27 Mo<\/a><br><a href=\"https:\/\/www.philippecharles.fr\/media\/videos_1\/instamatic8.mp4\">INSTAMATIC#8_5&rsquo;45\u00a0\u00bb, 66 Mo<\/a><br><a href=\"https:\/\/www.philippecharles.fr\/media\/videos_1\/instamatic9.mp4\">INSTAMATIC#9_3&rsquo;46\u00a0\u00bb, 50 Mo<\/a><br><a href=\"https:\/\/www.philippecharles.fr\/media\/videos_1\/instamatic10.mp4\">INSTAMATIC#10_7&rsquo;46\u00a0\u00bb, 66 Mo<\/a><br><br><\/p>\n","protected":false},"excerpt":{"rendered":"<p>Commande d&rsquo;\u00e9criture sonore et vid\u00e9ographiqueProduction : Ath\u00e9nor ProductionCollaboration avec Jean-Christophe FELDHANDLER Voir une s\u00e9lection d&rsquo;images du vid\u00e9o-concert \u00e0 la Gare Franche, Marseille, mai 2010 En bas de page, voir l&rsquo;ensemble des \u00e9pisodes Instamatics \u00ab\u00a0J\u2019suis dans un arbre, mais tu m\u2019vois m\u00eame pas\u2026\u00a0\u00bbL\u2019adolescent est une figure fascinante de notre \u00e9poque, r\u00e9ceptacle de toute la complexit\u00e9 de &hellip; <\/p>\n<p class=\"link-more\"><a href=\"https:\/\/www.philippecharles.fr\/index.php\/portraits-composites\/\" class=\"more-link\">Continuer la lecture<span class=\"screen-reader-text\"> de &laquo;&nbsp;portraits composites&nbsp;&raquo;<\/span><\/a><\/p>\n","protected":false},"author":1,"featured_media":0,"parent":0,"menu_order":0,"comment_status":"closed","ping_status":"closed","template":"","meta":{"footnotes":""},"_links":{"self":[{"href":"https:\/\/www.philippecharles.fr\/index.php\/wp-json\/wp\/v2\/pages\/1253"}],"collection":[{"href":"https:\/\/www.philippecharles.fr\/index.php\/wp-json\/wp\/v2\/pages"}],"about":[{"href":"https:\/\/www.philippecharles.fr\/index.php\/wp-json\/wp\/v2\/types\/page"}],"author":[{"embeddable":true,"href":"https:\/\/www.philippecharles.fr\/index.php\/wp-json\/wp\/v2\/users\/1"}],"replies":[{"embeddable":true,"href":"https:\/\/www.philippecharles.fr\/index.php\/wp-json\/wp\/v2\/comments?post=1253"}],"version-history":[{"count":0,"href":"https:\/\/www.philippecharles.fr\/index.php\/wp-json\/wp\/v2\/pages\/1253\/revisions"}],"wp:attachment":[{"href":"https:\/\/www.philippecharles.fr\/index.php\/wp-json\/wp\/v2\/media?parent=1253"}],"curies":[{"name":"wp","href":"https:\/\/api.w.org\/{rel}","templated":true}]}}